{"id":1299,"date":"2022-04-19T07:17:55","date_gmt":"2022-04-19T07:17:55","guid":{"rendered":"http:\/\/bracketweb.com\/ambedwp\/?page_id=19"},"modified":"2026-01-08T14:44:50","modified_gmt":"2026-01-08T14:44:50","slug":"usluge","status":"publish","type":"page","link":"https:\/\/spraymajstor.com.hr\/?page_id=1299","title":{"rendered":"Usluge"},"content":{"rendered":"\t\t<div data-elementor-type=\"wp-page\" data-elementor-id=\"1299\" class=\"elementor elementor-1299\">\n\t\t\t\t\t\t<section class=\"elementor-section elementor-top-section elementor-element elementor-element-6e7630c elementor-section-full_width elementor-section-height-default elementor-section-height-default\" data-id=\"6e7630c\" data-element_type=\"section\" data-e-type=\"section\">\n\t\t\t\t\t\t<div class=\"elementor-container elementor-column-gap-no\">\n\t\t\t\t\t<div class=\"elementor-column elementor-col-100 elementor-top-column elementor-element elementor-element-2d45742\" data-id=\"2d45742\" data-element_type=\"column\" data-e-type=\"column\">\n\t\t\t<div class=\"elementor-widget-wrap elementor-element-populated\">\n\t\t\t\t\t\t<div class=\"elementor-element elementor-element-7779386 elementor-widget elementor-widget-ambed-service\" data-id=\"7779386\" data-element_type=\"widget\" data-e-type=\"widget\" data-widget_type=\"ambed-service.default\">\n\t\t\t\t<div class=\"elementor-widget-container\">\n\t\t\t\t\t    <!--Services Page Start-->\r\n    <section class=\"services-page\">\r\n        <div class=\"container\">\r\n            <div class=\"row\">\r\n                                                            <div class=\"col-xl-4 col-lg-4 col-md-6\">\r\n                            <!--Services One Single-->\r\n                            <div class=\"services-one__single wow fadeInUp\" data-wow-delay=\"100ms\">\r\n                                <div class=\"services-one__img\">\r\n                                    <img decoding=\"async\" src=\"https:\/\/spraymajstor.com.hr\/wp-content\/uploads\/2022\/04\/strojno-bojanje-bijela-strop.jpg\" alt=\"strojno bojanje stropa\">\r\n                                    <div class=\"services-one__icon\">\r\n                                        <span aria-hidden=\"true\" class=\"  icon-wallpaper-3\"><\/span>                                    <\/div>\r\n                                <\/div>\r\n                                <div class=\"services-one__content\">\r\n                                    <h3 class=\"services-one__title\">\r\n                                        <a   href=\"https:\/\/spraymajstor.com.hr\/?page_id=1304\">\r\n                                            Strojno bojanje zidova                                        <\/a>\r\n                                    <\/h3>\r\n                                    <p class=\"services-one__text\">Strojno bojanje idealno je rje\u0161enje za:\n\nstanove, ku\u0107e, novogradnju te renovacije prije useljenja ili prodaje.\n\n<\/p>\r\n                                <\/div>\r\n                            <\/div>\r\n                        <\/div>\r\n                                            <div class=\"col-xl-4 col-lg-4 col-md-6\">\r\n                            <!--Services One Single-->\r\n                            <div class=\"services-one__single wow fadeInUp\" data-wow-delay=\"100ms\">\r\n                                <div class=\"services-one__img\">\r\n                                    <img decoding=\"async\" src=\"https:\/\/spraymajstor.com.hr\/wp-content\/uploads\/2022\/04\/strojnobojanje-1.jpg\" alt=\"farbanje stolarije\">\r\n                                    <div class=\"services-one__icon\">\r\n                                        <span aria-hidden=\"true\" class=\"   icon-wallpaper-4\"><\/span>                                    <\/div>\r\n                                <\/div>\r\n                                <div class=\"services-one__content\">\r\n                                    <h3 class=\"services-one__title\">\r\n                                        <a   href=\"https:\/\/spraymajstor.com.hr\/?page_id=1305\">\r\n                                            Bojanje stanova i ku\u0107a                                        <\/a>\r\n                                    <\/h3>\r\n                                    <p class=\"services-one__text\">Nudimo profesionalno strojno bojanje zidova i drugih povr\u0161ina stanova i ku\u0107a. Radimo brzo, uredno i precizno, uz kori\u0161tenje kvalitetne opreme i provjerenih materijala, kako bismo osigurali ravnomjeran zavr\u0161ni izgled bez tragova valjka.\n\n<\/p>\r\n                                <\/div>\r\n                            <\/div>\r\n                        <\/div>\r\n                                            <div class=\"col-xl-4 col-lg-4 col-md-6\">\r\n                            <!--Services One Single-->\r\n                            <div class=\"services-one__single wow fadeInUp\" data-wow-delay=\"100ms\">\r\n                                <div class=\"services-one__img\">\r\n                                    <img decoding=\"async\" src=\"https:\/\/spraymajstor.com.hr\/wp-content\/uploads\/2022\/04\/strojno-bojanje-2.webp\" alt=\"strojno farbanje\">\r\n                                    <div class=\"services-one__icon\">\r\n                                        <span aria-hidden=\"true\" class=\"   icon-paint\"><\/span>                                    <\/div>\r\n                                <\/div>\r\n                                <div class=\"services-one__content\">\r\n                                    <h3 class=\"services-one__title\">\r\n                                        <a   href=\"https:\/\/spraymajstor.com.hr\/?page_id=1306\">\r\n                                            Bojanje poslovnih prostora                                        <\/a>\r\n                                    <\/h3>\r\n                                    <p class=\"services-one__text\">Razumijemo va\u017enost vremena kod poslovnih klijenata, zato se prilago\u0111avamo dogovorenim rokovima i radimo brzo, tiho i u\u010dinkovito, uz minimalno ometanje rada.\n\n<\/p>\r\n                                <\/div>\r\n                            <\/div>\r\n                        <\/div>\r\n                                            <div class=\"col-xl-4 col-lg-4 col-md-6\">\r\n                            <!--Services One Single-->\r\n                            <div class=\"services-one__single wow fadeInUp\" data-wow-delay=\"100ms\">\r\n                                <div class=\"services-one__img\">\r\n                                    <img decoding=\"async\" src=\"https:\/\/spraymajstor.com.hr\/wp-content\/uploads\/2025\/12\/strojno-farbanje.jpg\" alt=\"strojno bojanje zidova i stropova\">\r\n                                    <div class=\"services-one__icon\">\r\n                                        <svg aria-hidden=\"true\" class=\"  e-font-icon-svg e-far-calendar-times\" viewBox=\"0 0 448 512\" xmlns=\"http:\/\/www.w3.org\/2000\/svg\"><path d=\"M311.7 374.7l-17 17c-4.7 4.7-12.3 4.7-17 0L224 337.9l-53.7 53.7c-4.7 4.7-12.3 4.7-17 0l-17-17c-4.7-4.7-4.7-12.3 0-17l53.7-53.7-53.7-53.7c-4.7-4.7-4.7-12.3 0-17l17-17c4.7-4.7 12.3-4.7 17 0l53.7 53.7 53.7-53.7c4.7-4.7 12.3-4.7 17 0l17 17c4.7 4.7 4.7 12.3 0 17L257.9 304l53.7 53.7c4.8 4.7 4.8 12.3.1 17zM448 112v352c0 26.5-21.5 48-48 48H48c-26.5 0-48-21.5-48-48V112c0-26.5 21.5-48 48-48h48V12c0-6.6 5.4-12 12-12h40c6.6 0 12 5.4 12 12v52h128V12c0-6.6 5.4-12 12-12h40c6.6 0 12 5.4 12 12v52h48c26.5 0 48 21.5 48 48zm-48 346V160H48v298c0 3.3 2.7 6 6 6h340c3.3 0 6-2.7 6-6z\"><\/path><\/svg>                                    <\/div>\r\n                                <\/div>\r\n                                <div class=\"services-one__content\">\r\n                                    <h3 class=\"services-one__title\">\r\n                                        <a   href=\"https:\/\/spraymajstor.com.hr\/?page_id=1301\">\r\n                                            Brze i hitne intervencije                                        <\/a>\r\n                                    <\/h3>\r\n                                    <p class=\"services-one__text\">Zahvaljuju\u0107i tehnologiji raspr\u0161ivanja, boja se nanosi ujedna\u010deno i brzo, a ve\u0107ina stanova mo\u017ee biti zavr\u0161ena u jednom danu.\n<\/p>\r\n                                <\/div>\r\n                            <\/div>\r\n                        <\/div>\r\n                                            <div class=\"col-xl-4 col-lg-4 col-md-6\">\r\n                            <!--Services One Single-->\r\n                            <div class=\"services-one__single wow fadeInUp\" data-wow-delay=\"100ms\">\r\n                                <div class=\"services-one__img\">\r\n                                    <img decoding=\"async\" src=\"https:\/\/spraymajstor.com.hr\/wp-content\/uploads\/2022\/04\/welcome-one-img-2-e1767783715179.jpg\" alt=\"dubinsko \u010di\u0161\u0107enje\">\r\n                                    <div class=\"services-one__icon\">\r\n                                        <span aria-hidden=\"true\" class=\"   icon-furnitures\"><\/span>                                    <\/div>\r\n                                <\/div>\r\n                                <div class=\"services-one__content\">\r\n                                    <h3 class=\"services-one__title\">\r\n                                        <a   href=\"https:\/\/spraymajstor.com.hr\/?page_id=1303\">\r\n                                            Dubinsko \u010di\u0161\u0107enje namje\u0161taja                                        <\/a>\r\n                                    <\/h3>\r\n                                    <p class=\"services-one__text\">Pru\u017eamo uslugu dubinskog pranja i \u010di\u0161\u0107enja namje\u0161taja (garniture, stolci, madraci i le\u017eajevi te ostali namje\u0161taj.<\/p>\r\n                                <\/div>\r\n                            <\/div>\r\n                        <\/div>\r\n                                                <\/div>\r\n        <\/div>\r\n    <\/section>\r\n    <!--Services Page End-->\r\n\t\t\t\t<\/div>\n\t\t\t\t<\/div>\n\t\t\t\t\t<\/div>\n\t\t<\/div>\n\t\t\t\t\t<\/div>\n\t\t<\/section>\n\t\t<div class=\"elementor-element elementor-element-085a956 e-flex e-con-boxed e-con e-parent\" data-id=\"085a956\" data-element_type=\"container\" data-e-type=\"container\">\n\t\t\t\t\t<div class=\"e-con-inner\">\n\t\t\t\t<div class=\"elementor-element elementor-element-d9d007b elementor-widget elementor-widget-ambed-contact-form\" data-id=\"d9d007b\" data-element_type=\"widget\" data-e-type=\"widget\" data-widget_type=\"ambed-contact-form.default\">\n\t\t\t\t<div class=\"elementor-widget-container\">\n\t\t\t\t\t\r\n    <!--Contact One Start-->\r\n    <section class=\"contact-one\">\r\n        <div class=\"container\">\r\n                            <div class=\"section-title text-center\">\r\n                                            <span class=\"section-title__tagline\">Ispunite Obrazac<\/span>\r\n                                                                <h2 class=\"section-title__title\">Zatra\u017eite Ponudu<\/h2>\r\n                        <div class=\"section-title__line\"><\/div>\r\n                                    <\/div>\r\n                        <div class=\"row\">\r\n                <div class=\"col-xl-8 col-lg-7\">\r\n                    <div class=\"contact-one__left\">\r\n                                                    <div class=\"wpcf7 no-js\" id=\"wpcf7-f301-o1\" lang=\"en-US\" dir=\"ltr\" data-wpcf7-id=\"301\">\n<div class=\"screen-reader-response\">\n<p role=\"status\" aria-live=\"polite\" aria-atomic=\"true\">\n<ul><\/ul>\n<\/div>\n<form action=\"\/index.php?rest_route=%2Fwp%2Fv2%2Fpages%2F1299#wpcf7-f301-o1\" method=\"post\" class=\"wpcf7-form init c3355ee909f3 cmatic-conn cmatic-aud-1 cmatic-mapd0-0 cmatic-v0978 cmatic-sent-0 cmatic-total-0\" aria-label=\"Contact form\" novalidate=\"novalidate\" data-status=\"init\">\n<fieldset class=\"hidden-fields-container\"><input type=\"hidden\" name=\"_wpcf7\" value=\"301\" \/><input type=\"hidden\" name=\"_wpcf7_version\" value=\"6.1.5\" \/><input type=\"hidden\" name=\"_wpcf7_locale\" value=\"en_US\" \/><input type=\"hidden\" name=\"_wpcf7_unit_tag\" value=\"wpcf7-f301-o1\" \/><input type=\"hidden\" name=\"_wpcf7_container_post\" value=\"0\" \/><input type=\"hidden\" name=\"_wpcf7_posted_data_hash\" value=\"\" \/><input type=\"hidden\" name=\"_wpcf7_recaptcha_response\" value=\"\" \/>\n<\/fieldset>\n<div class=\"comment-one__form\">\n<div class=\"row\">\n<div class=\"col-xl-6\">\n<div class=\"comment-form__input-box\">\n<p><span class=\"wpcf7-form-control-wrap\" data-name=\"your-name\"><input size=\"40\" maxlength=\"400\" class=\"wpcf7-form-control wpcf7-text wpcf7-validates-as-required\" aria-required=\"true\" aria-invalid=\"false\" placeholder=\"Ime\" value=\"\" type=\"text\" name=\"your-name\" \/><\/span>\n\t\t\t\t<\/p>\n<\/p><\/div>\n<\/p><\/div>\n<div class=\"col-xl-6\">\n<div class=\"comment-form__input-box\">\n<p><span class=\"wpcf7-form-control-wrap\" data-name=\"your-email\"><input size=\"40\" maxlength=\"400\" class=\"wpcf7-form-control wpcf7-email wpcf7-validates-as-required wpcf7-text wpcf7-validates-as-email\" aria-required=\"true\" aria-invalid=\"false\" placeholder=\"E-mail adresa\" value=\"\" type=\"email\" name=\"your-email\" \/><\/span>\n\t\t\t\t<\/p>\n<\/p><\/div>\n<\/p><\/div>\n<div class=\"col-xl-6\">\n<div class=\"comment-form__input-box\">\n<p><span class=\"wpcf7-form-control-wrap\" data-name=\"your-phone\"><input size=\"40\" maxlength=\"400\" class=\"wpcf7-form-control wpcf7-text\" aria-invalid=\"false\" placeholder=\"Broj telefona\" value=\"\" type=\"text\" name=\"your-phone\" \/><\/span>\n\t\t\t\t<\/p>\n<\/p><\/div>\n<\/p><\/div>\n<div class=\"col-xl-6\">\n<div class=\"comment-form__input-box\">\n<p><span class=\"wpcf7-form-control-wrap\" data-name=\"your-subject\"><input size=\"40\" maxlength=\"400\" class=\"wpcf7-form-control wpcf7-text\" aria-invalid=\"false\" placeholder=\"Naslov\" value=\"\" type=\"text\" name=\"your-subject\" \/><\/span>\n\t\t\t\t<\/p>\n<\/p><\/div>\n<\/p><\/div>\n<\/p><\/div>\n<div class=\"row\">\n<div class=\"col-xl-12\">\n<div class=\"comment-form__input-box text-message-box\">\n<p><span class=\"wpcf7-form-control-wrap\" data-name=\"your-message\"><textarea cols=\"40\" rows=\"10\" maxlength=\"2000\" class=\"wpcf7-form-control wpcf7-textarea\" aria-invalid=\"false\" placeholder=\"Opi\u0161ite svoj projekt\" name=\"your-message\"><\/textarea><\/span>\n\t\t\t\t<\/p>\n<\/p><\/div>\n<div class=\"comment-form__btn-box\">\n<p><button type=\"submit\" class=\"thm-btn comment-form__btn\">Po\u0161alji<\/button>\n\t\t\t\t<\/p>\n<\/p><\/div>\n<\/p><\/div>\n<\/p><\/div>\n<\/div>\n<div class=\"wpcf7-response-output\" aria-hidden=\"true\"><\/div>\n<\/form>\n<\/div>\n                                            <\/div>\r\n                <\/div>\r\n                <div class=\"col-xl-4 col-lg-5\">\r\n                    <div class=\"contact-one__right\">\r\n                                                    <div class=\"contact-one__right-shape-1\" style=\"background-image: url(https:\/\/spraymajstor.com.hr\/wp-content\/uploads\/2025\/12\/cropped-SPRAY-MAJSTOR.png);\"><\/div>\r\n                                                                            <ul class=\"list-unstyled contact-one__info ml-0\">\r\n                                                                    <li>\r\n                                        <div class=\"contact-one__info-box\">\r\n                                            <p>Nazovite nas<\/p>\r\n                                            <h5>091\/5055-471<\/h5>\r\n                                        <\/div>\r\n                                    <\/li>\r\n                                                                    <li>\r\n                                        <div class=\"contact-one__info-box\">\r\n                                            <p>E-mail<\/p>\r\n                                            <h5>info@spraymajstor.com.hr<\/h5>\r\n                                        <\/div>\r\n                                    <\/li>\r\n                                                            <\/ul>\r\n                                                                            <div class=\"contact-one__social\">\r\n                                                            <\/div>\r\n                                            <\/div>\r\n                <\/div>\r\n            <\/div>\r\n        <\/div>\r\n    <\/section>\r\n    <!--Contact One End-->\r\n\r\n\t\t\t\t<\/div>\n\t\t\t\t<\/div>\n\t\t\t\t\t<\/div>\n\t\t\t\t<\/div>\n\t\t\t\t<\/div>\n\t\t","protected":false},"excerpt":{"rendered":"<p>Strojno bojanje zidova Strojno bojanje idealno je rje\u0161enje za: stanove, ku\u0107e, novogradnju te renovacije prije useljenja ili prodaje. Bojanje stanova i ku\u0107a Nudimo profesionalno strojno bojanje zidova i drugih povr\u0161ina stanova i ku\u0107a. Radimo brzo, uredno i precizno, uz kori\u0161tenje kvalitetne opreme i provjerenih materijala, kako bismo osigurali ravnomjeran zavr\u0161ni izgled bez tragova valjka. Bojanje [&hellip;]<\/p>\n","protected":false},"author":1,"featured_media":1390,"parent":0,"menu_order":0,"comment_status":"closed","ping_status":"closed","template":"elementor_header_footer","meta":{"footnotes":""},"class_list":["post-1299","page","type-page","status-publish","has-post-thumbnail","hentry"],"brizy_media":[],"_links":{"self":[{"href":"https:\/\/spraymajstor.com.hr\/index.php?rest_route=\/wp\/v2\/pages\/1299","targetHints":{"allow":["GET"]}}],"collection":[{"href":"https:\/\/spraymajstor.com.hr\/index.php?rest_route=\/wp\/v2\/pages"}],"about":[{"href":"https:\/\/spraymajstor.com.hr\/index.php?rest_route=\/wp\/v2\/types\/page"}],"author":[{"embeddable":true,"href":"https:\/\/spraymajstor.com.hr\/index.php?rest_route=\/wp\/v2\/users\/1"}],"replies":[{"embeddable":true,"href":"https:\/\/spraymajstor.com.hr\/index.php?rest_route=%2Fwp%2Fv2%2Fcomments&post=1299"}],"version-history":[{"count":17,"href":"https:\/\/spraymajstor.com.hr\/index.php?rest_route=\/wp\/v2\/pages\/1299\/revisions"}],"predecessor-version":[{"id":1758,"href":"https:\/\/spraymajstor.com.hr\/index.php?rest_route=\/wp\/v2\/pages\/1299\/revisions\/1758"}],"wp:featuredmedia":[{"embeddable":true,"href":"https:\/\/spraymajstor.com.hr\/index.php?rest_route=\/wp\/v2\/media\/1390"}],"wp:attachment":[{"href":"https:\/\/spraymajstor.com.hr\/index.php?rest_route=%2Fwp%2Fv2%2Fmedia&parent=1299"}],"curies":[{"name":"wp","href":"https:\/\/api.w.org\/{rel}","templated":true}]}}